3410703 (base 8) to base 16.
e11c3
Convert 17318c (base 13) to base 8.
2151060
b9521 (base 12) to base 3
110102020121
Convert -4634956 (base 11) to base 14.
-110cd7d
-1310367 (base 9) to base 10
-715453
What is -11010101100001110110 (base 2) in base 14?
-18aa46
Convert 11010001100010110111 (base 2) to base 10.
858295
Convert 567750 (base 8) to base 2.
101110111111101000
301240340 (base 5) to base 13
32b6c7
What is 233c7 (base 16) in base 12?
6b633
What is 10011001010110111 (base 2) in base 12?
39533
-145447 (base 15) to base 7
-11220214
What is -216d43 (base 14) in base 13?
-3089c3
Convert -15536354 (base 7) to base 15.
-1eb015
What is 1000011010011111100 (base 2) in base 5?
32310313
What is 3685323 (base 9) in base 8?
7514026
-1134650 (base 10) to base 3
-2010122110002
14455041 (base 6) to base 4
1323112201
Convert 1063a40 (base 11) to base 12.
75b0ba
What is 3300101 (base 5) in base 10?
56276
What is 525 (base 7) in base 6?
1120
What is -240213 (base 9) in base 11?
-99639
-10101221002210 (base 3) to base 2
-110111001110000101101
What is aa0454 (base 12) in base 2?
1010010010010010000000
-587554 (base 9) to base 13
-c4a62
-168ab6 (base 13) to base 3
-1001120000120
What is -15d5bb (base 14) in base 11?
-48405a
What is 14ada2 (base 14) in base 9?
1318777
What is -61212 (base 13) in base 12?
-84790
What is 42321040 (base 5) in base 8?
1264330
Convert -111b75 (base 14) to base 8.
-2157173
-10010111101111101 (base 2) to base 8
-227575
-2631442 (base 7) to base 2
-1010011111101101000
Convert -10043120 (base 5) to base 8.
-236213
What is -806513 (base 9) in base 5?
-110232213
Convert -4234281 (base 9) to base 8.
-10513110
Convert -12203214 (base 8) to base 7.
-31565431
205341115 (base 6) to base 3
20210222110202
32032310011 (base 4) to base 3
21000112112211
-45323261 (base 8) to base 15
-cdae0c
Convert 17d70 (base 15) to base 11.
53075
-10111010011010101 (base 2) to base 6
-2013513
11101232310 (base 4) to base 2
101010001101110110100
-101101022010 (base 3) to base 15
-40829
-15b99 (base 15) to base 10
-70119
Convert -10220 (base 13) to base 7.
-150221
Convert -2b0aa5 (base 13) to base 5.
-232333312
Convert -1011011110100010011 (base 2) to base 5.
-44013313
Convert 3771443 (base 10) to base 13.
a20830
Convert -16874227 (base 9) to base 6.
-502011341
Convert 33403775 (base 8) to base 3.
111120100122021
Convert -926315 (base 12) to base 2.
-1000101111100001000001
What is 1bb86 (base 14) in base 2?
10001010011011010
-b25036 (base 13) to base 10
-4152375
Convert -122202020121 (base 3) to base 4.
-1111102321
Convert 577d14 (base 14) to base 6.
143511222
What is 385537 (base 11) in base 16?
9455d
23132202020 (base 4) to base 16
2de888
Convert -30c3e (base 16) to base 15.
-3e2b2
Convert -287033 (base 14) to base 7.
-14630063
423186 (base 9) to base 5
31023124
What is -12201022020 (base 3) in base 6?
-2224440
-22233112212 (base 4) to base 13
-777621
What is 5404552 (base 6) in base 13?
93aa0
-284402 (base 12) to base 5
-132433132
Convert -101010110001000 (base 2) to base 5.
-1200041
Convert -11466012 (base 7) to base 9.
-1831800
What is 13163332 (base 7) in base 15?
18d2d7
What is -30222310120 (base 4) in base 13?
-8c3872
What is -16b24c (base 14) in base 5?
-201031324
What is 22201400 (base 5) in base 14?
50995
Convert -13123420 (base 5) to base 9.
-217118
What is a469 (base 13) in base 11?
16097
Convert 2707041 (base 8) to base 10.
757281
What is -736821 (base 9) in base 13?
-124516
-2821046 (base 12) to base 4
-132202203312
Convert -292795 (base 10) to base 3.
-112212122021
Convert 35502433 (base 6) to base 16.
10f9f5
Convert -100212112203 (base 4) to base 9.
-8161883
What is 4b1a57 (base 16) in base 9?
10231565
What is -55a4 (base 11) in base 9?
-11103
1c01b (base 14) to base 3
10121220022
Convert 1056616 (base 7) to base 8.
401663
Convert 13250460 (base 8) to base 15.
3d9e89
What is -14452534 (base 6) in base 12?
-20414a
1119b6 (base 12) to base 13
971a3
Convert -235011112 (base 6) to base 9.
-8307118
What is 323677 (base 12) in base 8?
3016773
277728 (base 11) to base 10
434783
What is 11537446 (base 8) in base 4?
21223330212
What is 211210233 (base 4) in base 5?
14411103
-2171530 (base 11) to base 13
-a34736
Convert -243060 (base 8) to base 7.
-465311
Convert 473a899 (base 12) to base 9.
27812100
-1161aaa (base 12) to base 6
-200023134
What is -1a5911 (base 16) in base 2?
-110100101100100010001
1564 (base 13) to base 6
22244
What is -203333031232 (base 4) in base 2?
-100011111111001101101110
What is -200293 (base 11) in base 4?
-1032232032
-14165 (base 8) to base 4
-1201311
100300221312 (base 4) to base 13
baaa76
44425 (base 11) to base 9
107304
What is -378651 (base 9) in base 5?
-24320223
Convert 280a31 (base 13) to base 16.
ed804
Convert -3de875 (base 15) to base 9.
-5550182
What is 243110331 (base 5) in base 14?
21b118
152121101 (base 6) to base 8
14111175
Convert 411012131 (base 5) to base 6.
55304022
What is 1512552 (base 7) in base 10?
205053
What is -975526 (base 12) in base 16?
-2487ae
Convert -1420864 (base 9) to base 11.
-494143
24b85 (base 14) to base 8
257741
111121210102102 (base 3) to base 15
97ee88
-2475064 (base 10) to base 7
-30015634
Convert -13d0c (base 14) to base 15.
-e8a8
What is 600303 (base 11) in base 2?
11101100000000010000
What is 320231320 (base 4) in base 7?
1655203
What is -2233322121 (base 4) in base 7?
-6060456
What is -56574 (base 13) in base 9?
-258233
Convert -51654 (base 11) to base 15.
-174b6
Convert 1b8c23 (base 16) to base 5.
430232342
1331275 (base 8) to base 5
43422222
7aaa8 (base 15) to base 3
201211201012
What is 331321000033 (base 4) in base 9?
33467457
Convert -6083 (base 12) to base 14.
-3b59
1003410 (base 6) to base 13
187a4
What is 116685 (base 13) in base 2?
1100101000111001111
Convert 1050100 (base 8) to base 10.
282688
-116925 (base 11) to base 9
-311436
What is -103230223323 (base 4) in base 2?
-10011101100101011111011
15a90 (base 12) to base 7
156105
Convert -26341761 (base 9) to base 5.
-11304144301
What is 1b478 (base 15) in base 16?
15abb
-5e688d (base 15) to base 2
-10001010001011011000000
What is 233202201 (base 4) in base 13?
6a827
Convert -1a6644 (base 11) to base 9.
-531686
Convert 1111111000110 (base 2) to base 12.
485a
What is -25655631 (base 8) in base 10?
-5725081
30485 (base 9) to base 3
1000112212
-3575808 (base 10) to base 4
-31221000000
Convert 20413045 (base 6) to base 11.
375545
Convert 100110010010000 (base 2) to base 3.
222212221
-103033003131 (base 4) to base 11
-2934478
What is 10001001111010110 (base 2) in base 3?
10120212100
What is -12344443 (base 5) in base 11?
-83624
10bd (base 15) to base 9
4777
74450 (base 9) to base 4
30000330
Convert -21221120221 (base 3) to base 16.
-26314
What is 2a617a (base 16) in base 15?
39ce46
1303293 (base 11) to base 8
10474153
-16a4a (base 16) to base 3
-11201020001
What is -305125 (base 8) in base 10?
-100949
-2a490d (base 15) to base 6
-111422534
5844a6 (base 12) to base 14
28c8d8
-6d2a (base 15) to base 9
-34754
Convert 2440301 (base 6) to base 3.
20120221001
1866103 (base 10) to base 16
1c7977
11121220112 (base 3) to base 16
163b2
-121a8 (base 13) to base 7
-165655
Convert 100110110010100101000 (base 2) to base 13.
356725
What is -c5fb6 (base 16) in base 7?
-6615145
Convert -33101133 (base 4) to base 16.
-f45f
80441 (base 10) to base 14
2145b
-2461631 (base 7) to base 14
-83a51
What is -527668 (base 15) in base 8?
-16756376
-86457 (base 12) to base 5
-21130044
What is -1344919 (base 11) in base 5?
-1043212321
What is -1300201420 (base 6) in base 5?
-12333214333
72025 (base 9) to base 8
134460
569029 (base 10) to base 5
121202104
Convert 410a41 (base 11) to base 5.
132110400
What is -6813883 (base 9) in base 7?
-43125123
Convert -44342234 (base 6) to base 8.
-5060156
-9262a (base 13) to base 14
-6b937
6c0b0 (base 16) to base 13
12657b
2823086 (base 13) to base 7
212562425
Convert -1010012122012 (base 3) to base 6.
-20424435
215403 (base 9) to base 10
128631
Convert -4b83b (base 14) to base 5.
-21413334
-37b7bc (base 16) to base 15
-4c1de6
-1153e1 (base 15) to base 4
-3022011301
408241 (base 16) to base 14
7c098d
Convert -159965 (base 11) to base 6.
-5145203
What is 234123352 (base 6) in base 3?
22021101022012
What is -1f9c4 (base 16)